 of 21 and m?
3
Let z = -1198 - -1206. Calculate the greatest common divisor of z and 824.
8
Let b = 2044 + 2989. Calculate the highest common divisor of b and 7.
7
Let g = -5574 - -5685. Calculate the greatest common factor of 1184 and g.
37
Suppose -2349 = -697*l + 688*l. Calculate the greatest common divisor of 116 and l.
29
Let k(r) = 25*r + 226. Let x be k(-6). Suppose 245*g = 241*g + x. Calculate the greatest common divisor of g and 361.
19
Let d = 341 + -338. Let b be (-4*13)/(d - 2 - 3). Calculate the highest common divisor of 494 and b.
26
Let x = 32 + -2. Let d be (72/480)/((-16)/(-40))*1160. What is the highest common factor of d and x?
15
Let x = 20889 + -20868. Let l = -2 + 1. Let o(c) = 147*c**2 + c + 1. Let a be o(l). What is the highest common factor of x and a?
21
Let n(v) = -3*v**3 + 158*v**2 - 108*v + 234. Let y be n(52). Calculate the highest common factor of 3523 and y.
13
Let y be (-8425182)/(-17267) + 4/62. Let x(r) = r**3 - 8*r**2 + 8*r + 1. Let q be x(7). What is the highest common factor of y and q?
8
Let y = 189 - 169. Let m be (1 - -4)*(7 + 16 + -18). Calculate the greatest common factor of m and y.
5
Let d(j) = -2*j**3 + 11*j**2 - 22*j + 111. Let w be d(5). What is the highest common divisor of w and 1469?
13
Let m(g) = 58*g**2 - 3506*g + 169. Let d be m(63). What is the greatest common factor of 11 and d?
11
Suppose -3*z - 55 = -q, -23*q - 311 = -28*q - 3*z. Calculate the highest common divisor of 1769 and q.
61
Let i(y) = -y**3 - 8*y**2 + 7*y + 8. Let p be 12*((-7)/4 + 1). Let z be i(p). Suppose -23*b + 33*b - 2080 = 0. Calculate the highest common divisor of b and z.
26
Let y(s) = s**3 - 23*s**2 + 61*s - 11. Let j(k) = -k**3 + 6*k**2 + 16*k + 20. Let z be j(8). Let o be y(z). Calculate the greatest common factor of 387 and o.
9
Let o be 1 - 2 - (2 + -16). Let p = -109 + 120. Suppose m + 390 = p*m. What is the greatest common factor of o and m?
13
Let w be ((-60)/7)/(-4*12/3024). Let j = -348 + w. What is the greatest common factor of 72 and j?
24
Suppose 5*f = -3*m + 2599, 4*m = -2*f + 1030 + 18. What is the highest common factor of 378 and f?
14
Let r = -59 + 33. Suppose -5*n - 72 = 4*h, 4*n + 2 + 55 = -3*h. Let p = n - r. What is the greatest common factor of p and 126?
14
Let j = 16326 - 16038. Calculate the greatest common factor of 225 and j.
9
Suppose 146*a + 209858 = 332921 + 363409. Calculate the greatest common factor of a and 884.
68
Let n(v) = v**2 - 10*v + 15. Let t be n(6). Let q = -216 + 270. Let l = q + t. What is the highest common factor of l and 5?
5
Let b be 56/(-21) + (0 - -26)*(-589)/(-93). What is the greatest common factor of b and 8154?
54
Suppose 30 = -5*v + 6*v. Let j(z) = 2*z + 8. Let f be j(16). What is the greatest common divisor of v and f?
10
Suppose 24*h = 21*h - 5*j + 99, h = 2*j + 22. Calculate the highest common divisor of 8666 and h.
14
Let a = -1395 + 2069. Let l = a + -161. What is the highest common factor of 38 and l?
19
Let t = 213 - 198. Suppose 0 = t*b - 23*b + 24. Let w = 24 + -9. Calculate the greatest common divisor of b and w.
3
Let y = 472 - 478. Let u be 14 + (1/y - 91/(-42)). Calculate the highest common factor of u and 20.
4
Suppose -5*d + 53 = -3*m - 196, 2*d = -5*m + 81. Suppose -2 = -3*k + 7, 0 = -2*v + 5*k + 49. What is the highest common factor of v and d?
16
Let j be 57 + 0 + (1 - 2). Let v = 223133 - 221341. Calculate the greatest common factor of v and j.
56
Suppose -s + 5*f - 297 = -459, f = -2*s + 324. What is the highest common factor of 1512 and s?
54
Let b be (-176)/(-16) - (-9 + 2). Let m(w) = w**2 + 8*w + 144. Let r be m(0). Calculate the greatest common divisor of r and b.
18
Suppose 5*m = -3*k + 127, 2*m - 16 = -k + 34. Let w(q) = 2*q**2 + 32*q - 26. Let p be w(-21). Calculate the highest common factor of m and p.
23
Let g(z) = 290*z + 33. Let s be g(3). What is the highest common divisor of s and 21?
21
Let d(y) = -4*y**3 - 2*y**2 + 5*y + 38. Let u be d(-4). What is the highest common divisor of 154 and u?
22
Let v = 231 - -57. Let q be 160/(-208) - 5736/(-156). Calculate the greatest common divisor of v and q.
36
Suppose -3*f + 4*f = 8*f. Suppose f = -4*t + 17*t - 182. What is the greatest common divisor of t and 7?
7
Suppose 0 = -5*m - 21 + 101. Suppose 20*z - 8 = m*z. Suppose -3*b + 19 = t, 3*t = -z*t + 2*b + 61. What is the greatest common factor of 91 and t?
13
Let v = 44 - 36. Let g = 14 + -11. Calculate the highest common divisor of g and v.
1
Let j be 353/((-475)/(-2584) - (3 + 1)/32). What is the highest common divisor of j and 17?
17
Let l(x) be the first derivative of 2*x**3/3 + 43*x**2/2 + 88*x - 113. Let r be l(-20). What is the highest common factor of 4 and r?
4
Let a(j) = j**3 + 13*j**2 - 2. Let w be a(-13). Let i be (-1763 - w)/(-3) - 2. Suppose 6*h - i = h. Calculate the greatest common factor of h and 9.
9
Suppose 278357 = 32*m - 81707. What is the highest common divisor of 116 and m?
116
Let t(c) = 3*c + 93. Let l be t(-31). Suppose 2*s + 4*g = 7*g + 409, l = s - 2*g - 203. What is the greatest common factor of 38 and s?
19
Let f = 22 - 18. Suppose 2*i = f*x + 30, x + 0*x + 10 = i. Let p(s) = -2*s - 6. Let u be p(x). Calculate the greatest common factor of 52 and u.
4
Let q(x) = 621*x + 1401. Let z be q(5). What is the highest common factor of z and 6?
6
Let i = 45 + -15. Let l = -283 - -172. Let x = l + 114. What is the greatest common factor of i and x?
3
Let v(n) = 5*n**2 + 8*n - 103. Suppose 8*y + 126 = 22*y. Let l be v(y). Calculate the highest common divisor of l and 34.
34
Let x = 25 - 19. Let q(m) = m**3 + 8*m**2 - 20*m + 16. Let d be q(-10). Let f be (30/8)/(x/d). Calculate the greatest common divisor of f and 40.
10
Suppose 136*n = 135*n - 5*w + 159, 2*w + 2 = 0. Let t be 247/2 - (-1)/(-2). Calculate the greatest common factor of n and t.
41
Let r = -5686 + 10599. What is the greatest common divisor of 51 and r?
17
Suppose 0 = -82*i + 601 + 875. What is the highest common factor of 99 and i?
9
Let j = -1767 - -1742. Suppose 0 = c + 2 + 9. Let b = c - j. What is the greatest common divisor of 42 and b?
14
Let h be 0 + 5 - 24/(-84)*-28. Let f be (-4 - h)/((76/(-352))/19). Calculate the greatest common factor of 77 and f.
11
Let l be 2/(-7) + 204/28. Suppose l = -5*j + 17. Suppose 4*s - 5*g = 1205, -585 = -j*s - 0*s - g. What is the greatest common factor of 118 and s?
59
Let u(z) = -z. Let a(l) = 2*l**2 - 3*l + 4. Let p = -27 - -29. Let h(g) = p*a(g) - 6*u(g). Let w be h(-8). What is the highest common factor of w and 24?
24
Suppose 18*j - 66 = 7*j. Suppose -13 - 95 = -j*a. Let n be (-12)/54 + 1138/a. Calculate the highest common factor of n and 7.
7
Let w = -3203 - -7151. What is the highest common factor of w and 420?
84
Let j(d) = -d + 2. Let i(f) = 5*f + 17. Let p(y) = 3*i(y) - 6*j(y). Let g be p(-4). Let n = 83 + g. Calculate the greatest common divisor of 57 and n.
19
Suppose 0 = 1844*s - 1720*s - 1179984. What is the highest common factor of 36 and s?
12
Let y(t) = -67*t + 3561. Let z be y(48). Let f(a) = -29*a**3 - 4*a - 3. Let v be f(-2). Let p = z - v. Calculate the greatest common factor of p and 12.
12
Let r(u) = 25*u**2 + 58*u + 627. Let o be r(-22). What is the highest common divisor of 22 and o?
11
Let f = 696 + -371. Let t(k) = k**3 - 128*k + 565. Let o be t(6). What is the greatest common factor of o and f?
13
Suppose -24 = -2*t - n, -3*t + 2*n - 32 = -75. Calculate the greatest common divisor of 1157 and t.
13
Suppose -71*r + 22432 + 7210 = -23537. What is the greatest common factor of 1284 and r?
107
Let u(o) = -10*o - 9. Let v be u(-5). Suppose 4*s = -1 + 1. Suppose s = 11*m - 3*m - 3280. Calculate the greatest common factor of m and v.
41
Suppose 70866 = 82*u + 11*u. Calculate the greatest common factor of 12 and u.
6
Let p be -3 - ((-12)/4)/1. Suppose -2*m = -p*m - 24. Let j be 0 - (9 - -21)*-1. Calculate the greatest common factor of j and m.
6
Let a be 1600/(-8)*(-1 + 2). Let r = a - -239. What is the greatest common divisor of r and 13?
13
Let c(g) = g**3 - 4*g**2 - 7*g - 68. Let x be c(7). What is the greatest common factor of x and 3930?
30
Let v(r) = -9*r**2 - 380*r + 243. Let z be v(-42). What is the highest common divisor of 12 and z?
3
Let p be (-1)/2 + 95/(-10). Let n = p + 19. Le